the units digit of h?
2
Let q = -4 + 3. Let i be 0 - q - (4 + -2). Let z(x) = -6*x**3 + 1. What is the units digit of z(i)?
7
Let h = 82 + -56. What is the tens digit of h?
2
Suppose 4*c = -c + 210. What is the tens digit of c?
4
Suppose 27 = 2*o + o. Let y(m) = -m**3 + 8*m**2 + 12*m - 13. What is the units digit of y(o)?
4
Let j = 8 + -6. Suppose 3*t - 2*m - 12 = -0*m, 6 = -j*m. What is the units digit of t?
2
Suppose 5*y - 50 = -0*y. Suppose -y + 1 = -t. What is the units digit of t?
9
Let f = -41 - -106. What is the units digit of f?
5
Suppose 5*u + 6 = 2*u - 2*x, -4*u = 4*x + 8. Let a be u/4 + (-396)/8. Let f = -34 - a. What is the tens digit of f?
1
Let h = -70 + 151. What is the tens digit of h?
8
Let w(j) = j**2 - 3*j - 2. Let y be w(7). What is the tens digit of (1 + y)/((-6)/(-6))?
2
Suppose 3*l = -5*k - 3 + 15, -3*k - 3*l + 6 = 0. Let t = k - 5. What is the units digit of t - 4*(-6)/3?
6
Let j = 12 + -5. Let c(u) = -j*u**2 + 7*u - 12 + u**3 + 9*u**2 + 8*u**2. What is the units digit of c(-9)?
6
Suppose -2 = -4*x + 3*x. Let f(h) = -h + 2. Let l be f(3). Let a = x + l. What is the units digit of a?
1
Let w(s) = -s**2 + 4*s + 1. Let y be w(3). Suppose 4*g - 4*p = 28, 4*g + 5*p = 3*p + y. Suppose 2*t + g*t = 5. What is the units digit of t?
1
Let z be 77/44 - 2/(-8). What is the units digit of 3/(-6) + 49/z?
4
What is the tens digit of (-14)/35 + 5262/30?
7
Let d be 10/(-5) + 2/(-2). Let h = -4 - d. What is the units digit of 2 + -1 + 0/h?
1
Let p be 2*1 + (-4 - 12). Suppose -g + 6 = -2*g. Let a = g - p. What is the units digit of a?
8
Let o(t) = t**2 - 8*t - 3. Let d be o(7). What is the units digit of (-48)/(-10) - 2/d?
5
Suppose 2*w - 7*w = 25. Let f(g) = -g**3 - 4*g**2 + 13*g - 7. Let u(o) = o**3 + 3*o**2 - 14*o + 8. Let l(x) = w*f(x) - 4*u(x). What is the units digit of l(-9)?
3
Let m(s) = s**2 + 7*s + 8. Let r be m(-6). Let f = 57 + -48. Let p = f - r. What is the units digit of p?
7
Suppose -j - 4*j + 90 = 0. Suppose -j = 3*v - 5*v - 2*u, v = -4*u + 24. What is the units digit of v?
4
Let s = 6 - -12. What is the tens digit of s?
1
Let h be (0*1/(-2))/(-2). Let t(l) = l - 2. Let f be t(h). Let c(d) = d**3 + d**2 - 2*d + 1. What is the units digit of c(f)?
1
Suppose 3*f + 0*f - 9 = 0. Suppose -f*o = 2*o - 90. What is the units digit of o?
8
Suppose 3 = -3*n, -5*b + 319 = -4*n - 0*n. What is the tens digit of b?
6
Let t(p) = -p**3 + 11*p + 5. What is the units digit of t(-4)?
5
Suppose -5*n + 70 + 5 = 0. What is the tens digit of n?
1
Suppose 406 + 830 = 4*f. What is the tens digit of f?
0
Suppose 0 = 5*g + 12 + 3. Let q(u) = u**3 + 3*u**2 - 2*u - 4. Let j be q(g). Suppose -4*a + 3*p + 59 = 0, -2*a + 1 = -j*p - 31. What is the tens digit of a?
1
Let n(z) = z**2 - 3*z. Let o = 5 - 0. What is the units digit of n(o)?
0
Let i(n) = n**3 - 5*n**2 - 5*n - 5. Let c be 4/14 + 40/7. What is the units digit of i(c)?
1
Suppose 0 = 3*j - 4*v - 457, 298 = 2*j + 3*v + v. What is the tens digit of j?
5
Suppose 32 = -0*n + n - 5*u, -2*u + 11 = 3*n. Suppose -3*f - n = -91. What is the units digit of f/6 + (-2)/3?
4
Suppose w + 3*w = 28. Suppose -4*q + 8 = -8. Let a = w - q. What is the units digit of a?
3
Suppose 4*m = 3*m + 15. What is the units digit of m?
5
Let x(z) be the second derivative of -5/2*z**2 + 0 - 1/6*z**3 - z. What is the units digit of x(-9)?
4
Let q(b) = 3*b + b - 4 + 5 - 2*b. Let w be q(1). Suppose -9 + 0 = -w*p. What is the units digit of p?
3
Let y = 81 + -32. What is the units digit of y?
9
Suppose 0 = -3*g + o + 9, 3*g - o - o - 9 = 0. Suppose n - 2*n - 27 = -3*b, -g*b - 2*n = -27. What is the units digit of b?
9
Let s = 96 + -55. What is the units digit of s?
1
What is the hundreds digit of (-15 + 16)/((-2)/(-306))?
1
Let k(m) be the third derivative of m**6/120 + m**5/15 - m**4/4 - 2*m**3/3 + m**2. Let j(f) = f**2 - 12*f - 5. Let v be j(12). What is the units digit of k(v)?
1
Let z = 2 + 4. What is the units digit of (3/z)/(3/18)?
3
Suppose -5*i + 2*a + 213 = 0, -5*a - 142 - 1 = -3*i. What is the units digit of i?
1
Suppose 4 + 1 = d. Suppose 5*b = -2*p + 258, 1 - 255 = -d*b - p. What is the tens digit of b?
5
Suppose 0 = -3*u + 122 + 19. Let m = 15 + -3. Suppose 0 = -5*f - m + u. What is the units digit of f?
7
Suppose 20*r - 14*r = 1032. What is the units digit of r?
2
Suppose f + f = 2. Let z(n) = n**3 + n**2 - 2*n + 1. What is the units digit of z(f)?
1
Let f(l) = -l**3 + 4*l**2 + 6*l. Let n be 155/30 - (-1)/(-6). What is the units digit of f(n)?
5
Suppose -2*a - 20 = -b, -5*a = 3*b - 3*a - 20. Let s(x) = 4*x - 7. Let g(c) = 9*c - 14. Let d(w) = -3*g(w) + 7*s(w). What is the units digit of d(b)?
3
Let y = 4 + -2. Suppose y*j = -j + 42. What is the units digit of j?
4
Suppose 3*z + 463 = 2*s, -3*s = 5*z - z - 652. What is the hundreds digit of s?
2
Suppose -4*j - 20 = -3*t + 2*t, -3*t + 4*j = -20. Suppose t*d + 4*d - 152 = 0. Suppose 0 = 2*q - 4*q + d. What is the units digit of q?
9
Let i = -29 - -100. Suppose -i = 5*w + 49. What is the units digit of 1/(2*(-3)/w)?
4
Let n = 19 - -25. What is the tens digit of n?
4
Let o be (-1 - -158) + (2 - 3). Suppose 5*v - 9 = o. What is the units digit of v?
3
Let p = 3 + 9. What is the tens digit of p?
1
Let y = -2 - -5. Suppose y*s = 3 + 3. What is the units digit of s?
2
Suppose 0 = 4*n - t - 21, n + 5*t + 37 = 4*n. Suppose 17 = n*b + 5. What is the units digit of b?
3
Suppose 2*a + 30 = -2*z, 0 = -2*a + z + 2*z - 10. Let m(c) = -2*c + 1. What is the units digit of m(a)?
3
Suppose 5*h - 10 = 3*h. What is the units digit of (-4)/10 - (-32)/h?
6
Let w(g) be the first derivative of g**2 - 3*g - 1. Let p be w(5). Let m = p - 5. What is the units digit of m?
2
Let f = 27 + 39. What is the tens digit of f?
6
Let t = -23 + 25. Suppose 0 = 4*n + 4*q - 168, -4*n - t*q + 76 = -98. What is the units digit of n?
5
Let m be 63/(-9) - 6/(-2). Let j be 1 + m - 0/2. Let n(i) = -6*i - 4. What is the tens digit of n(j)?
1
Suppose 0 = -y - 0*y + 138. What is the hundreds digit of y?
1
Let s(a) = 2*a - 3. Let j(x) = x**2 + x - 3. Let n(v) = 2*j(v) - 3*s(v). Suppose 4*h = 11 + 1. What is the units digit of n(h)?
9
What is the units digit of 31 + -3 - (0 - -1)?
7
Let x(z) = -6*z - 4. Let u(i) = -12*i - 9. Let o(q) = -2*u(q) + 5*x(q). Suppose -2*m - 22 = -14. What is the units digit of o(m)?
2
Let v = 2 - -22. Suppose z = -2*z + v. Let u = z - 0. What is the units digit of u?
8
Let k(p) = 2*p**3 + 2 + 4*p**2 - 2*p**3 - 5*p - 3*p**3 + 4*p**3. What is the units digit of k(-4)?
2
Suppose -5 = -5*r + 5*n, 5*r - 3 = n - 10. Suppose -2*d = -3*d - 1. What is the units digit of 0 + d + (-6)/r?
2
Let f = -89 - -164. What is the tens digit of f?
7
Suppose -l = 2*l + 21. Suppose 0 = -i - 0*i + 21. Let f = i + l. What is the tens digit of f?
1
Let q(u) = -u**2 + 6*u - 2. Let c be q(5). Let z = c + -2. What is the units digit of z?
1
Suppose -2*k - 141 = -5*k + 3*p, -5*k = -3*p - 233. Let z be (k/6)/(8/(-24)). Let b = 32 + z. What is the units digit of b?
9
Let f(x) = 8*x - 7. Let h = 7 + -3. What is the tens digit of f(h)?
2
Let f(t) be the third derivative of 31*t**6/120 + t**5/30 - t**4/12 + t**3/6 - 6*t**2. What is the tens digit of f(1)?
3
Let x = 16 - 8. What is the units digit of x?
8
Suppose -3*q + 207 = -2*o, 0*q - 3*q = 5*o - 186. Suppose q = 5*v - 88. What is the tens digit of v?
3
Let s = 12 + -8. What is the units digit of s?
4
Suppose 5*i = 2*i + 4*t + 345, 0 = -5*i - t + 598. What is the units digit of i?
9
Let z = -6 + -2. What is the units digit of z/3*(-6)/4?
4
Suppose 3*u + 0 - 111 = 0. What is the tens digit of u?
3
Let i(q) = q**3 - 9*q**2 - q + 10. Let u be i(9). Suppose 5*n - u = -11. What is the units digit of n/(20/11 - 2)?
1
Let q(p) = -p**2 - p + 34. What is the units digit of q(0)?
4
What is the tens digit of 134 - ((-32)/(-80) - (-17)/(-5))?
3
Let j = 10 + -3. Suppose 0 = 2*x - 3*x + j. What is the units digit of x?
7
Suppose 7 - 2 = -n - 4*w, 1 = -3*n - 5*w. Suppose n*p + 45 = d - 6*d, 0 = -3*d. What is the units digit of (p/5)/((-6)/8)?
4
What is the units digit of (-474)/(-4)*24/36?
9
What is the tens digit of 69/1*2/3?
4
Let f(n) = n**2 - 8*n + 1. Let o be f(6). Let q = -8 - o. What is the units digit of q?
3
Suppose -2*u + 8 + 4 = 0. Let w = 9 - u. Suppose -3*m - 19 = -2*d, m 